{"id":5893,"date":"2026-04-21T09:13:00","date_gmt":"2026-04-21T09:13:00","guid":{"rendered":"https:\/\/dev.sbro.ro\/?product=biblia-pierduta"},"modified":"2026-04-21T09:13:00","modified_gmt":"2026-04-21T09:13:00","slug":"biblia-pierduta","status":"publish","type":"product","link":"https:\/\/dev.sbro.ro\/?product=biblia-pierduta","title":{"rendered":"Biblia pierdut\u0103"},"content":{"rendered":"<p>Unii oameni \u00ee\u0219i p\u0103streaz\u0103 Biblia curat\u0103, f\u0103r\u0103 a o \u00eensemna, dar nu \u0219i bunicul John. Oric\u00e2nd Dumnezeu \u00eei vorbea printr-un verset sau auzea pe vreun p\u0103stor spun\u00e2nd ceva interesant, \u00eencercuia versetul sau \u00ee\u0219i nota orice \u00eei pl\u0103cea \u00een mod deosebit. Bunicul \u021binea foarte mult la Biblia lui, \u00eens\u0103 \u00eentr-o zi, \u00een drum spre cas\u0103, a pierdut-o. S-a rugat \u00eendelung s\u0103 \u0219i-o g\u0103seasc\u0103, dar \u00een zadar; ba chiar la un moment dat a fost cuprins de dezn\u0103dejde. Oare \u00een cele din urm\u0103 \u00eei va r\u0103spunde Dumnezeu la rug\u0103ciune?<\/p>\n","protected":false},"excerpt":{"rendered":"<p>Unii oameni \u00ee\u0219i p\u0103streaz\u0103 Biblia curat\u0103, f\u0103r\u0103 a o \u00eensemna, dar nu \u0219i bunicul John. Oric\u00e2nd Dumnezeu \u00eei vorbea printr-un verset sau auzea pe vreun p\u0103stor spun\u00e2nd ceva interesant, \u00eencercuia versetul sau \u00ee\u0219i nota orice \u00eei pl\u0103cea \u00een mod deosebit. Bunicul \u021binea foarte mult la Biblia lui, \u00eens\u0103 \u00eentr-o zi, \u00een drum spre cas\u0103, a [&hellip;]<\/p>\n","protected":false},"featured_media":0,"comment_status":"open","ping_status":"closed","template":"","meta":[],"product_brand":[],"product_cat":[30,35],"product_tag":[],"class_list":{"0":"post-5893","1":"product","2":"type-product","3":"status-publish","5":"product_cat-beletristica","6":"product_cat-copii","8":"first","9":"instock","10":"shipping-taxable","11":"purchasable","12":"product-type-simple"},"_links":{"self":[{"href":"https:\/\/dev.sbro.ro\/index.php?rest_route=\/wp\/v2\/product\/5893","targetHints":{"allow":["GET"]}}],"collection":[{"href":"https:\/\/dev.sbro.ro\/index.php?rest_route=\/wp\/v2\/product"}],"about":[{"href":"https:\/\/dev.sbro.ro\/index.php?rest_route=\/wp\/v2\/types\/product"}],"replies":[{"embeddable":true,"href":"https:\/\/dev.sbro.ro\/index.php?rest_route=%2Fwp%2Fv2%2Fcomments&post=5893"}],"wp:attachment":[{"href":"https:\/\/dev.sbro.ro\/index.php?rest_route=%2Fwp%2Fv2%2Fmedia&parent=5893"}],"wp:term":[{"taxonomy":"product_brand","embeddable":true,"href":"https:\/\/dev.sbro.ro\/index.php?rest_route=%2Fwp%2Fv2%2Fproduct_brand&post=5893"},{"taxonomy":"product_cat","embeddable":true,"href":"https:\/\/dev.sbro.ro\/index.php?rest_route=%2Fwp%2Fv2%2Fproduct_cat&post=5893"},{"taxonomy":"product_tag","embeddable":true,"href":"https:\/\/dev.sbro.ro\/index.php?rest_route=%2Fwp%2Fv2%2Fproduct_tag&post=5893"}],"curies":[{"name":"wp","href":"https:\/\/api.w.org\/{rel}","templated":true}]}}