{"id":5935,"date":"2026-04-21T09:13:07","date_gmt":"2026-04-21T09:13:07","guid":{"rendered":"https:\/\/dev.sbro.ro\/?product=biblie-mare-bilingva-romana-engleza-visinie-cu-fermoar"},"modified":"2026-04-21T09:13:07","modified_gmt":"2026-04-21T09:13:07","slug":"biblie-mare-bilingva-romana-engleza-visinie-cu-fermoar","status":"publish","type":"product","link":"https:\/\/dev.sbro.ro\/product\/biblie-mare-bilingva-romana-engleza-visinie-cu-fermoar\/","title":{"rendered":"Biblie mare, bilingv\u0103 rom\u00e2n\u0103-englez\u0103, visinie, cu fermoar"},"content":{"rendered":"<p>Biblia &#8211; edi\u021bie bilingv\u0103 rom\u00e2n\u0103-englez\u0103<\/p>\n<p><strong>Dimensiunea paginii: 16 x 23,5 cm<\/strong><\/p>\n<p><strong>Dimensiune exterioar\u0103: 18 x 25,5 cm<\/strong><\/p>\n<p>&#8211; pentru limba rom\u00e2n\u0103 s-a folosit traducerea D. Cornilescu, iar pentru limba englez\u0103, New King James Version<br \/>\n&#8211; coperta din piele ecologic\u0103, cu fermoar<br \/>\n&#8211; margini aurii + index<br \/>\n&#8211; cuvintele Domnului Isus scrise cu ro\u0219u<br \/>\n&#8211; con\u021bine plan de citire a Bibliei \u00eentr-un an \u0219i lista unit\u0103\u021bilor de m\u0103sur\u0103 utilizate \u00een Biblie<\/p>\n","protected":false},"excerpt":{"rendered":"<p>Biblia &#8211; edi\u021bie bilingv\u0103 rom\u00e2n\u0103-englez\u0103 Dimensiunea paginii: 16 x 23,5 cm Dimensiune exterioar\u0103: 18 x 25,5 cm &#8211; pentru limba rom\u00e2n\u0103 s-a folosit traducerea D. Cornilescu, iar pentru limba englez\u0103, New King James Version &#8211; coperta din piele ecologic\u0103, cu fermoar &#8211; margini aurii + index &#8211; cuvintele Domnului Isus scrise cu ro\u0219u &#8211; con\u021bine [&hellip;]<\/p>\n","protected":false},"featured_media":11309,"comment_status":"open","ping_status":"closed","template":"","meta":[],"product_brand":[],"product_cat":[102,73],"product_tag":[],"class_list":{"0":"post-5935","1":"product","2":"type-product","3":"status-publish","4":"has-post-thumbnail","6":"product_cat-biblia-bilingva","7":"product_cat-biblie-mare","9":"first","10":"instock","11":"shipping-taxable","12":"purchasable","13":"product-type-simple"},"_links":{"self":[{"href":"https:\/\/dev.sbro.ro\/wp-json\/wp\/v2\/product\/5935","targetHints":{"allow":["GET"]}}],"collection":[{"href":"https:\/\/dev.sbro.ro\/wp-json\/wp\/v2\/product"}],"about":[{"href":"https:\/\/dev.sbro.ro\/wp-json\/wp\/v2\/types\/product"}],"replies":[{"embeddable":true,"href":"https:\/\/dev.sbro.ro\/wp-json\/wp\/v2\/comments?post=5935"}],"wp:featuredmedia":[{"embeddable":true,"href":"https:\/\/dev.sbro.ro\/wp-json\/wp\/v2\/media\/11309"}],"wp:attachment":[{"href":"https:\/\/dev.sbro.ro\/wp-json\/wp\/v2\/media?parent=5935"}],"wp:term":[{"taxonomy":"product_brand","embeddable":true,"href":"https:\/\/dev.sbro.ro\/wp-json\/wp\/v2\/product_brand?post=5935"},{"taxonomy":"product_cat","embeddable":true,"href":"https:\/\/dev.sbro.ro\/wp-json\/wp\/v2\/product_cat?post=5935"},{"taxonomy":"product_tag","embeddable":true,"href":"https:\/\/dev.sbro.ro\/wp-json\/wp\/v2\/product_tag?post=5935"}],"curies":[{"name":"wp","href":"https:\/\/api.w.org\/{rel}","templated":true}]}}