{"id":5994,"date":"2026-04-21T09:13:15","date_gmt":"2026-04-21T09:13:15","guid":{"rendered":"https:\/\/dev.sbro.ro\/?product=si-cerul-s-a-umplut-de-sfinti"},"modified":"2026-04-21T09:13:15","modified_gmt":"2026-04-21T09:13:15","slug":"si-cerul-s-a-umplut-de-sfinti","status":"publish","type":"product","link":"https:\/\/dev.sbro.ro\/?product=si-cerul-s-a-umplut-de-sfinti","title":{"rendered":"\u0218i cerul s-a umplut de sfin\u021bi"},"content":{"rendered":"<p>\u201e\u00cen discu\u021biile noastre despre martiriul cre\u0219tin \u00een secolul XX, \u00eentrebarea esen\u021bial\u0103 care a revenit mereu a fost: \u00een ce m\u0103sur\u0103 credin\u021ba a r\u0103mas vie, pentru ca prin ea s\u0103 se poat\u0103 rezista? Pentru c\u0103 salvarea credin\u021bei \u00eenseamn\u0103 nu numai speran\u021ba de a putea fi salvate \u0219i celelalte valori umane, ci \u0219i \u0219ansa de a da \u00een felul acesta un sens suferin\u021bei.\u201d<\/p>\n<p><strong>Ana Blandiana<\/strong><\/p>\n<\/p>\n<p>Martiriul este legat indisolubil de istoria cre\u0219tinismului, fiind prezent at\u00e2t ca \u201etem\u0103 teologic\u0103\u201d \u00een kerygma M\u00e2ntuitorului, c\u00e2t \u0219i ca realitate istoric\u0103 atestat\u0103 de Faptele apostolilor, prima lucrare de istoriografie cre\u0219tin\u0103, \u00een care este descris\u0103 moartea primului martir cre\u0219tin. Aceast\u0103 tem\u0103 recurent\u0103 \u00een istoria Bisericii a fost analizat\u0103 \u00een cadrul Colocviului Interna\u021bional \u201eMartiriul \u00een Antichitatea cre\u0219tin\u0103 \u0219i \u00een secolul XX: teme, dezbateri, personaje\u201d, organizat la Memorialul Victimelor Comunismului \u0219i al Rezisten\u021bei din Sighet. Volumul rezultat reune\u0219te \u0219aptesprezece studii, semnate de autori din diferite tradi\u021bii cre\u0219tine, care acoper\u0103 at\u00e2t perioada \u00eenceputurilor cre\u0219tinismului, c\u00e2t \u0219i epoca modern\u0103, marcat\u0103 de ideologii totalitare. Prezenta edi\u021bie a beneficiat de o revizuire integral\u0103 a textului \u0219i de c\u00e2teva actualiz\u0103ri ale materialului bibliografic.<\/p>\n","protected":false},"excerpt":{"rendered":"<p>\u201e\u00cen discu\u021biile noastre despre martiriul cre\u0219tin \u00een secolul XX, \u00eentrebarea esen\u021bial\u0103 care a revenit mereu a fost: \u00een ce m\u0103sur\u0103 credin\u021ba a r\u0103mas vie, pentru ca prin ea s\u0103 se poat\u0103 rezista? Pentru c\u0103 salvarea credin\u021bei \u00eenseamn\u0103 nu numai speran\u021ba de a putea fi salvate \u0219i celelalte valori umane, ci \u0219i \u0219ansa de a da [&hellip;]<\/p>\n","protected":false},"featured_media":11367,"comment_status":"open","ping_status":"closed","template":"","meta":[],"product_brand":[],"product_cat":[20,18],"product_tag":[],"class_list":{"0":"post-5994","1":"product","2":"type-product","3":"status-publish","4":"has-post-thumbnail","6":"product_cat-biografii-eseuri-marturii","7":"product_cat-viata-crestina","9":"first","10":"instock","11":"shipping-taxable","12":"purchasable","13":"product-type-simple"},"_links":{"self":[{"href":"https:\/\/dev.sbro.ro\/index.php?rest_route=\/wp\/v2\/product\/5994","targetHints":{"allow":["GET"]}}],"collection":[{"href":"https:\/\/dev.sbro.ro\/index.php?rest_route=\/wp\/v2\/product"}],"about":[{"href":"https:\/\/dev.sbro.ro\/index.php?rest_route=\/wp\/v2\/types\/product"}],"replies":[{"embeddable":true,"href":"https:\/\/dev.sbro.ro\/index.php?rest_route=%2Fwp%2Fv2%2Fcomments&post=5994"}],"wp:featuredmedia":[{"embeddable":true,"href":"https:\/\/dev.sbro.ro\/index.php?rest_route=\/wp\/v2\/media\/11367"}],"wp:attachment":[{"href":"https:\/\/dev.sbro.ro\/index.php?rest_route=%2Fwp%2Fv2%2Fmedia&parent=5994"}],"wp:term":[{"taxonomy":"product_brand","embeddable":true,"href":"https:\/\/dev.sbro.ro\/index.php?rest_route=%2Fwp%2Fv2%2Fproduct_brand&post=5994"},{"taxonomy":"product_cat","embeddable":true,"href":"https:\/\/dev.sbro.ro\/index.php?rest_route=%2Fwp%2Fv2%2Fproduct_cat&post=5994"},{"taxonomy":"product_tag","embeddable":true,"href":"https:\/\/dev.sbro.ro\/index.php?rest_route=%2Fwp%2Fv2%2Fproduct_tag&post=5994"}],"curies":[{"name":"wp","href":"https:\/\/api.w.org\/{rel}","templated":true}]}}