{"id":600,"date":"2026-04-21T09:02:47","date_gmt":"2026-04-21T09:02:47","guid":{"rendered":"https:\/\/dev.sbro.ro\/?product=onorand-pe-dumnezeu-in-traditiile-noastre"},"modified":"2026-04-21T09:02:47","modified_gmt":"2026-04-21T09:02:47","slug":"onorand-pe-dumnezeu-in-traditiile-noastre","status":"publish","type":"product","link":"https:\/\/dev.sbro.ro\/product\/onorand-pe-dumnezeu-in-traditiile-noastre\/","title":{"rendered":"Onorand pe Dumnezeu in traditiile noastre"},"content":{"rendered":"<p style=\"text-align: justify;\">\n<p style=\"text-align: justify;\">\n<p style=\"text-align: justify;\"><span style=\"font-size: large;\">No&euml;l Piper crede c\u0103 prin tradi\u0163iile noastre putem ajuta genera\u0163ia  urm\u0103toare s\u0103-L pre\u0163uiasc\u0103 pe Dumnezeu \u015fi, \u00een acela\u015fi timp, s\u0103 ad&acirc;nceasc\u0103  dragostea noastr\u0103 pentru El. Numai Dumnezeu poate da copiil<span class=\"text_exposed_show\">or  no\u015ftri un strop din dulcea\u0163a Sa. Numai Dumnezeu \u00eei poate trezi s\u0103  con\u015ftientizeze valoarea Sa, dar El folose\u015fte diferite mijloace. El  folose\u015fte tradi\u0163ii centrate \u00een Dumnezeu, modele de familie care sunt  \u00eembibate de Biblie \u015fi mo\u015fteniri de familie \u00eenc\u0103rcate cu har.<\/p>\n<p> No&euml;l \u00ee\u015fi deschide c\u0103minul pentru tine &ndash; fiind de peste treizeci de ani  so\u0163ie \u015fi mam\u0103. Ea te invit\u0103 \u00een modelul de via\u0163\u0103 fericit \u015fi imperfect al  familiei Piper (incluse fiind \u015fi c&acirc;teva poezii scrise de so\u0163ul ei, John  Piper, cu diferite ocazii de familie).<\/span><\/span><\/p>\n<p style=\"text-align: justify;\">\n<p style=\"text-align: justify;\">\n<p style=\"text-align: justify;\">\n<p style=\"text-align: justify;\">\n<p style=\"text-align: justify;\"><span style=\"font-size: large;\"><span class=\"text_exposed_show\"><br \/><\/span><\/span><\/p>\n","protected":false},"excerpt":{"rendered":"<p>No&euml;l Piper crede c\u0103 prin tradi\u0163iile noastre putem ajuta genera\u0163ia urm\u0103toare s\u0103-L pre\u0163uiasc\u0103 pe Dumnezeu \u015fi, \u00een acela\u015fi timp, s\u0103 ad&acirc;nceasc\u0103 dragostea noastr\u0103 pentru El. Numai Dumnezeu poate da copiilor no\u015ftri un strop din dulcea\u0163a Sa. Numai Dumnezeu \u00eei poate trezi s\u0103 con\u015ftientizeze valoarea Sa, dar El folose\u015fte diferite mijloace. El folose\u015fte tradi\u0163ii centrate \u00een [&hellip;]<\/p>\n","protected":false},"featured_media":6043,"comment_status":"open","ping_status":"closed","template":"","meta":[],"product_brand":[],"product_cat":[18],"product_tag":[],"class_list":{"0":"post-600","1":"product","2":"type-product","3":"status-publish","4":"has-post-thumbnail","6":"product_cat-viata-crestina","8":"first","9":"outofstock","10":"shipping-taxable","11":"purchasable","12":"product-type-simple"},"_links":{"self":[{"href":"https:\/\/dev.sbro.ro\/wp-json\/wp\/v2\/product\/600","targetHints":{"allow":["GET"]}}],"collection":[{"href":"https:\/\/dev.sbro.ro\/wp-json\/wp\/v2\/product"}],"about":[{"href":"https:\/\/dev.sbro.ro\/wp-json\/wp\/v2\/types\/product"}],"replies":[{"embeddable":true,"href":"https:\/\/dev.sbro.ro\/wp-json\/wp\/v2\/comments?post=600"}],"wp:featuredmedia":[{"embeddable":true,"href":"https:\/\/dev.sbro.ro\/wp-json\/wp\/v2\/media\/6043"}],"wp:attachment":[{"href":"https:\/\/dev.sbro.ro\/wp-json\/wp\/v2\/media?parent=600"}],"wp:term":[{"taxonomy":"product_brand","embeddable":true,"href":"https:\/\/dev.sbro.ro\/wp-json\/wp\/v2\/product_brand?post=600"},{"taxonomy":"product_cat","embeddable":true,"href":"https:\/\/dev.sbro.ro\/wp-json\/wp\/v2\/product_cat?post=600"},{"taxonomy":"product_tag","embeddable":true,"href":"https:\/\/dev.sbro.ro\/wp-json\/wp\/v2\/product_tag?post=600"}],"curies":[{"name":"wp","href":"https:\/\/api.w.org\/{rel}","templated":true}]}}