{"id":668,"date":"2026-04-21T09:02:53","date_gmt":"2026-04-21T09:02:53","guid":{"rendered":"https:\/\/dev.sbro.ro\/?product=supa-de-pui-pentru-suflet-ingeri-printre-noi"},"modified":"2026-04-21T09:02:53","modified_gmt":"2026-04-21T09:02:53","slug":"supa-de-pui-pentru-suflet-ingeri-printre-noi","status":"publish","type":"product","link":"https:\/\/dev.sbro.ro\/product\/supa-de-pui-pentru-suflet-ingeri-printre-noi\/","title":{"rendered":"Supa de pui pentru suflet. Ingeri printre noi"},"content":{"rendered":"<p>101 pove\u015fti inspira\u0163ionale despre miracole, credin\u0163\u0103 \u015fi r\u0103spunsuri la rug\u0103ciuni Aceste pove\u015fti adev\u0103rate te vor uimi, te vor inspira \u015fi \u00ee\u0163i vor aduce m\u00e2ng\u00e2iere. Nu trebuie dec\u00e2t s\u0103 c\u0103ut\u0103m pentru a g\u0103si \u00eengerii afla\u0163i printre noi.<\/p>\n","protected":false},"excerpt":{"rendered":"<p>101 pove\u015fti inspira\u0163ionale despre miracole, credin\u0163\u0103 \u015fi r\u0103spunsuri la rug\u0103ciuni Aceste pove\u015fti adev\u0103rate te vor uimi, te vor inspira \u015fi \u00ee\u0163i vor aduce m\u00e2ng\u00e2iere. Nu trebuie dec\u00e2t s\u0103 c\u0103ut\u0103m pentru a g\u0103si \u00eengerii afla\u0163i printre noi.<\/p>\n","protected":false},"featured_media":6108,"comment_status":"open","ping_status":"closed","template":"","meta":[],"product_brand":[],"product_cat":[8],"product_tag":[],"class_list":{"0":"post-668","1":"product","2":"type-product","3":"status-publish","4":"has-post-thumbnail","6":"product_cat-carti","8":"first","9":"outofstock","10":"shipping-taxable","11":"purchasable","12":"product-type-simple"},"_links":{"self":[{"href":"https:\/\/dev.sbro.ro\/wp-json\/wp\/v2\/product\/668","targetHints":{"allow":["GET"]}}],"collection":[{"href":"https:\/\/dev.sbro.ro\/wp-json\/wp\/v2\/product"}],"about":[{"href":"https:\/\/dev.sbro.ro\/wp-json\/wp\/v2\/types\/product"}],"replies":[{"embeddable":true,"href":"https:\/\/dev.sbro.ro\/wp-json\/wp\/v2\/comments?post=668"}],"wp:featuredmedia":[{"embeddable":true,"href":"https:\/\/dev.sbro.ro\/wp-json\/wp\/v2\/media\/6108"}],"wp:attachment":[{"href":"https:\/\/dev.sbro.ro\/wp-json\/wp\/v2\/media?parent=668"}],"wp:term":[{"taxonomy":"product_brand","embeddable":true,"href":"https:\/\/dev.sbro.ro\/wp-json\/wp\/v2\/product_brand?post=668"},{"taxonomy":"product_cat","embeddable":true,"href":"https:\/\/dev.sbro.ro\/wp-json\/wp\/v2\/product_cat?post=668"},{"taxonomy":"product_tag","embeddable":true,"href":"https:\/\/dev.sbro.ro\/wp-json\/wp\/v2\/product_tag?post=668"}],"curies":[{"name":"wp","href":"https:\/\/api.w.org\/{rel}","templated":true}]}}