{"id":671,"date":"2026-04-21T09:02:53","date_gmt":"2026-04-21T09:02:53","guid":{"rendered":"https:\/\/dev.sbro.ro\/?product=masura-credintei"},"modified":"2026-04-21T09:02:53","modified_gmt":"2026-04-21T09:02:53","slug":"masura-credintei","status":"publish","type":"product","link":"https:\/\/dev.sbro.ro\/?product=masura-credintei","title":{"rendered":"Masura credintei"},"content":{"rendered":"<p style=\"text-align: justify;\">\n<p style=\"text-align: justify;\">\n<p style=\"text-align: justify;\">\n<p style=\"text-align: justify;\"><span class=\"textu\" style=\"font-size: large;\">C\u0103l\u0103toriile m-au adus \u00een locuri unde cre\u015ftinii \u00eenfrunt\u0103 focul purificator al persecu\u0163iilor, violen\u0163elor \u015fi molimelor. Aceast\u0103 carte relateaz\u0103 zece \u00eent\u00e2mpl\u0103ri dramatice din locuri precum China, unde biserica cre\u015fte spectaculos, \u00een ciuda unui guvern ateu; din Orientul Mijlociu, unde o biseric\u0103 odinioar\u0103 \u00eenfloritoare, \u00een chiar inima acestei regiuni, acum abia mai rezist\u0103; din Africa de Sud, unde o biseric\u0103 multicolor\u0103 se caut\u0103 pe sine printre r\u0103m\u0103\u015fi\u0163ele unui trecut rasist. <\/span><\/p>\n<p style=\"text-align: justify;\"><span class=\"textu\" style=\"font-size: large;\">\u00cen Statele Unite am vizitat nu doar scena masacrului de la Virginia Tech \u015fi o conven\u0163ie a prostituatelor, ci deopotriv\u0103 un grup de alcoolici din Chicago \u015fi dou\u0103 enclave din sudul cre\u015ftin conservator. <\/span><\/p>\n<p style=\"text-align: justify;\"><span class=\"textu\" style=\"font-size: large;\">C\u00e2nd \u00eemi petrec timpul printre ace\u015fti oameni, propria mea credin\u0163\u0103 este pus\u0103 pe masa de teste. Cred oare eu \u00een ceea ce scriu acolo, pitit \u00een casa mea din Colorado? Pot eu s\u0103 proclam cu deplin\u0103 \u00eencredere adev\u0103rurile C\u0103r\u0163ii \u00een fa\u0163a unei femei care se zbate s\u0103 le asigure copiilor hrana f\u0103r\u0103 s\u0103 se \u00eentoarc\u0103 la prostitu\u0163ie, a unui alcoolic care se lupt\u0103 cu dependen\u0163a de o via\u0163\u0103 sau a unui de\u0163inut aflat \u00een cea mai violent\u0103 \u00eenchisoare a Africii? <\/span><\/p>\n<p style=\"text-align: justify;\"><span class=\"textu\" style=\"font-size: large;\">Cum ac\u0163ioneaz\u0103 harul \u00eentr-o lume ce pare cople\u015fit\u0103 de r\u0103u? La ce este bun Dumnezeu? M\u0103 aflu mereu pe urmele ne\u00eendoielnice ale credin\u0163ei, c\u0103ut\u00e2nd, oriunde m\u0103 duc, semne ale autenticit\u0103\u0163ii \u015fi relevan\u0163ei acesteia \u00een via\u0163a oamenilor.<\/span><\/p>\n<p style=\"text-align: justify;\">\n<p style=\"text-align: justify;\">\n<p style=\"text-align: justify;\">\n<p style=\"text-align: justify;\">\n<p style=\"text-align: justify;\">\n","protected":false},"excerpt":{"rendered":"<p>C\u0103l\u0103toriile m-au adus \u00een locuri unde cre\u015ftinii \u00eenfrunt\u0103 focul purificator al persecu\u0163iilor, violen\u0163elor \u015fi molimelor. Aceast\u0103 carte relateaz\u0103 zece \u00eent\u00e2mpl\u0103ri dramatice din locuri precum China, unde biserica cre\u015fte spectaculos, \u00een ciuda unui guvern ateu; din Orientul Mijlociu, unde o biseric\u0103 odinioar\u0103 \u00eenfloritoare, \u00een chiar inima acestei regiuni, acum abia mai rezist\u0103; din Africa de Sud, [&hellip;]<\/p>\n","protected":false},"featured_media":6111,"comment_status":"open","ping_status":"closed","template":"","meta":[],"product_brand":[],"product_cat":[18],"product_tag":[],"class_list":{"0":"post-671","1":"product","2":"type-product","3":"status-publish","4":"has-post-thumbnail","6":"product_cat-viata-crestina","8":"first","9":"outofstock","10":"shipping-taxable","11":"purchasable","12":"product-type-simple"},"_links":{"self":[{"href":"https:\/\/dev.sbro.ro\/index.php?rest_route=\/wp\/v2\/product\/671","targetHints":{"allow":["GET"]}}],"collection":[{"href":"https:\/\/dev.sbro.ro\/index.php?rest_route=\/wp\/v2\/product"}],"about":[{"href":"https:\/\/dev.sbro.ro\/index.php?rest_route=\/wp\/v2\/types\/product"}],"replies":[{"embeddable":true,"href":"https:\/\/dev.sbro.ro\/index.php?rest_route=%2Fwp%2Fv2%2Fcomments&post=671"}],"wp:featuredmedia":[{"embeddable":true,"href":"https:\/\/dev.sbro.ro\/index.php?rest_route=\/wp\/v2\/media\/6111"}],"wp:attachment":[{"href":"https:\/\/dev.sbro.ro\/index.php?rest_route=%2Fwp%2Fv2%2Fmedia&parent=671"}],"wp:term":[{"taxonomy":"product_brand","embeddable":true,"href":"https:\/\/dev.sbro.ro\/index.php?rest_route=%2Fwp%2Fv2%2Fproduct_brand&post=671"},{"taxonomy":"product_cat","embeddable":true,"href":"https:\/\/dev.sbro.ro\/index.php?rest_route=%2Fwp%2Fv2%2Fproduct_cat&post=671"},{"taxonomy":"product_tag","embeddable":true,"href":"https:\/\/dev.sbro.ro\/index.php?rest_route=%2Fwp%2Fv2%2Fproduct_tag&post=671"}],"curies":[{"name":"wp","href":"https:\/\/api.w.org\/{rel}","templated":true}]}}