{"id":729,"date":"2026-04-21T09:02:59","date_gmt":"2026-04-21T09:02:59","guid":{"rendered":"https:\/\/dev.sbro.ro\/?product=laudati-pe-domnul-harfa-de-cantari"},"modified":"2026-04-21T09:02:59","modified_gmt":"2026-04-21T09:02:59","slug":"laudati-pe-domnul-harfa-de-cantari","status":"publish","type":"product","link":"https:\/\/dev.sbro.ro\/product\/laudati-pe-domnul-harfa-de-cantari\/","title":{"rendered":"L\u0103uda\u021bi pe Domnul &#8211; harf\u0103 de c\u00e2nt\u0103ri"},"content":{"rendered":"<p>Editia a IX-a, 2017 &#8211; 1615 c\u00e2nt\u0103ri<\/p>\n<p>\u201eLauda\u021bi pe Domnul de jos de pe p\u0103m\u00e2nt&#8230; \u00eemp\u0103ra\u021bi ai p\u00e3m\u00e2ntului \u0219i popoare toate, voievozi \u0219i to\u021bi judec\u00e3torii p\u0103m\u00e2ntului, tineri \u0219i tinere, b\u0103tr\u00e2ni \u0219i copii s\u0103 laude Numele Domnului, c\u0103ci numai Numele Lui este \u00een\u0103l\u021bat, m\u0103re\u021bia Lui este mai presus de p\u00e3m\u00e2nt \u0219i de ceruri\u201d (Psalmul 148:7-13). \u201eVeni\u021bi s\u0103 c\u00e2nt\u0103m cu veselie Domnului \u0219i s\u0103 strig\u0103m de bucurie c\u0103tre St\u00e2nca m\u00e2ntuirii noastre. S\u0103 mergem \u00eenaintea Lui cu laude \u0219i s\u0103 facem s\u0103 r\u0103sune c\u00e2ntece \u00een cinstea Lui! C\u00e3ci Domnul este un \u00cemp\u0103rat mare, mai presus de to\u021bi dumnezeii\u201d (Psalmul 95:1-3). C\u00e2nd un om se \u00eentoarce la Dumnezeu, bucuria m\u00e2ntuirii \u00eel determin\u0103 s\u0103 c\u00e2nte \u0219i s\u0103 laude Numele Domnului. C\u00e2ntarea de laud\u00e3 este expresia recuno\u0219tin\u021bei \u0219i mul\u021bumirii pentru harul m\u00e2ntuirii, o jertf\u00e3 de mul\u021bumire adus\u00e3 Domnului Isus Hristos. Porunca Domnului Isus c\u00e3tre noi copiii Lui este: \u201eVorbi\u021bi \u00eentre voi cu psalmi, cu c\u00e2nt\u0103ri de laud\u0103 \u0219i cu c\u00e2nt\u0103ri duhovnice\u0219ti \u0219i c\u00e2nta\u021bi \u0219i aduce\u021bi din toat\u00e3 inima laud\u00e3 Domnului\u201d (Efeseni 5:19). Cartea aceasta este o culegere de c\u00e2nt\u0103ri cre\u0219tine noi \u0219i vechi care se c\u00e2nt\u0103 \u00een bisericile noastre cu scopul de a pream\u0103ri \u0219i \u00een\u0103l\u021ba Numele Domnului. Rug\u0103ciunea noastr\u0103 este ca aceast\u0103 carte s\u0103 fie un prilej de bucurie \u0219i \u00eenviorare spiritual\u0103 pentru to\u021bi cei ce doresc s\u0103 laude pe Domnul.<\/p>\n","protected":false},"excerpt":{"rendered":"<p>Editia a IX-a, 2017 &#8211; 1615 c\u00e2nt\u0103ri \u201eLauda\u021bi pe Domnul de jos de pe p\u0103m\u00e2nt&#8230; \u00eemp\u0103ra\u021bi ai p\u00e3m\u00e2ntului \u0219i popoare toate, voievozi \u0219i to\u021bi judec\u00e3torii p\u0103m\u00e2ntului, tineri \u0219i tinere, b\u0103tr\u00e2ni \u0219i copii s\u0103 laude Numele Domnului, c\u0103ci numai Numele Lui este \u00een\u0103l\u021bat, m\u0103re\u021bia Lui este mai presus de p\u00e3m\u00e2nt \u0219i de ceruri\u201d (Psalmul 148:7-13). \u201eVeni\u021bi [&hellip;]<\/p>\n","protected":false},"featured_media":6169,"comment_status":"open","ping_status":"closed","template":"","meta":[],"product_brand":[],"product_cat":[60,59],"product_tag":[],"class_list":{"0":"post-729","1":"product","2":"type-product","3":"status-publish","4":"has-post-thumbnail","6":"product_cat-carti-cantari","7":"product_cat-muzica-si-inchinare","9":"first","10":"instock","11":"shipping-taxable","12":"purchasable","13":"product-type-simple"},"_links":{"self":[{"href":"https:\/\/dev.sbro.ro\/wp-json\/wp\/v2\/product\/729","targetHints":{"allow":["GET"]}}],"collection":[{"href":"https:\/\/dev.sbro.ro\/wp-json\/wp\/v2\/product"}],"about":[{"href":"https:\/\/dev.sbro.ro\/wp-json\/wp\/v2\/types\/product"}],"replies":[{"embeddable":true,"href":"https:\/\/dev.sbro.ro\/wp-json\/wp\/v2\/comments?post=729"}],"wp:featuredmedia":[{"embeddable":true,"href":"https:\/\/dev.sbro.ro\/wp-json\/wp\/v2\/media\/6169"}],"wp:attachment":[{"href":"https:\/\/dev.sbro.ro\/wp-json\/wp\/v2\/media?parent=729"}],"wp:term":[{"taxonomy":"product_brand","embeddable":true,"href":"https:\/\/dev.sbro.ro\/wp-json\/wp\/v2\/product_brand?post=729"},{"taxonomy":"product_cat","embeddable":true,"href":"https:\/\/dev.sbro.ro\/wp-json\/wp\/v2\/product_cat?post=729"},{"taxonomy":"product_tag","embeddable":true,"href":"https:\/\/dev.sbro.ro\/wp-json\/wp\/v2\/product_tag?post=729"}],"curies":[{"name":"wp","href":"https:\/\/api.w.org\/{rel}","templated":true}]}}