{"id":748,"date":"2026-04-21T09:03:02","date_gmt":"2026-04-21T09:03:02","guid":{"rendered":"https:\/\/dev.sbro.ro\/?product=predicarea-penticostala"},"modified":"2026-04-21T09:03:02","modified_gmt":"2026-04-21T09:03:02","slug":"predicarea-penticostala","status":"publish","type":"product","link":"https:\/\/dev.sbro.ro\/?product=predicarea-penticostala","title":{"rendered":"Predicarea penticostala"},"content":{"rendered":"<p style=\"text-align: justify;\">\n<p style=\"text-align: justify;\">\n<p style=\"text-align: justify;\"><span style=\"font-family: times new roman,times; font-size: large;\">Ray H. Hughes este un reprezentant important al miscarii penticostale mondiale. De mai bine de o jumatate de secol, el slujeste in functii cheie ale miscarii penticostale si propovaduieste Cuvantul lui Dumnezeu cu inflacarare, zel, daruire si o ungere care motiveaza si propulseaza pe orice ascultator.<\/span><\/p>\n<p>Primul fragment pe care l-am citit din lucrarea \u201cPredicarea penticostal\u0103\u201d, de dr. Ray H. Hughes, a fost urm\u0103torul: \u201cPredicarea penticostal\u0103 este at\u00e2t de unic\u0103 prin natura sa \u015fi at\u00e2t de angrenant\u0103 prin puterea sa \u00eenc\u00e2t nici un alt cuv\u00e2nt nu i se potrive\u015fte mai bine dec\u00e2t \u201csupranatural\u201d. Predicarea penticostal\u0103 de ast\u0103zi are aceea\u015fi putere \u015fi autoritate pe care a avut-o \u015fi \u00een ziua Cincizecimii, acum aproape dou\u0103 mii de ani.\u201d \u00ab (Cap. 9: UNICITATEA PREDIC\u0102RII PENTICOSTALE, pagina 118; subl. ns.) Citind, prin r\u0103sfoire, doar aceste c\u00e2teva r\u00e2nduri din cartea \u00een discu\u0163ie, am a\u015fezat frumu\u015fel publica\u0163ia la o parte, pe birou, \u2013 m\u0103 aflam atunci la sediul din Oradea al organiza\u0163iei responsabile pentru traducerea \u015fi tip\u0103rirea acestei c\u0103r\u0163i \u2013 \u015fi, la plecarea mea din localitate, printre cele c\u00e2teva nout\u0103\u0163i ale SC METANOIA SRL luate cu mine, nu se afla \u015fi \u201cPredicarea penticostal\u0103\u201d de Ray Hughes. DE CE ACEASTA ?! Dintr-o anumit\u0103 prejudecat\u0103, dup\u0103 cum ve\u0163i vedea, dar \u015fi dintr-un anumit spirit de solidarizare cu cei sensibili la atitudinile exagerat de partizane \u00een domeniul confesional. (\u015etiu c\u0103 termenul folosit pentru o astfel de atitudine este altul, dar nu am dorit s\u0103-l folosesc tocmai pe acesta !) A\u015fadar, nu mi-am f\u0103cut rost de carte de la bun \u00eenceput pentru c\u0103 am considerat c\u0103 sintagma \u00ab predicarea penticostal\u0103 \u00bb &#8211; din titlul lucr\u0103rii \u015fi din fragmentul restr\u00e2ns pe care-l citisem &#8211; ar fi fost uzitat\u0103 \u00een sensul restrictiv al \u00abpredic\u0103rii penticostalilor \u00bb, excluz\u00e2ndu-se credincio\u015fii de alte confesiuni ! \u00centr-o asemenea accep\u0163iune, afirma\u0163ia dr. Ray H. Hughes mi se p\u0103rea o exagerare plin\u0103 de emfaz\u0103 \u015fi nereal\u0103, cu care nu puteam fi de acord, nu puteam s\u0103 o accept \u015fi nici s\u0103 o promovez. Pe dr. Hughes \u00eel auzisem predic\u00e2nd de c\u00e2teva ori \u00een Rom\u00e2nia, \u015fi \u00eentotdeauna fusesem deosebit de impresionat de competen\u0163a \u015fi de ungerea divin\u0103 cu care propov\u0103duia. Aveam informa\u0163ii privind func\u0163iile spirituale de uria\u015f\u0103 responsabilitate pe care le de\u0163inuse pe plan mondial, \u00een mi\u015fcarea penticostal\u0103, dar, cunosc\u00e2ndu-l pentru prima dat\u0103 ca scriitor, prima mea impresie a fost c\u0103 domnia-sa exagera pun\u00e2nd prea mult accentul pe \u00ab penticostal \u00bb \u015fi pe \u00ab penticostalism \u00bb !! \u00cen acest context, am fost deosebit de surprins c\u00e2nd mi s-a propus, tocmai mie, s\u0103 fac o scurt\u0103 prezentare a c\u0103r\u0163ii \u00een discu\u0163ie. Ob\u0163in\u00e2nd \u015fi lectur\u00e2nd cu aten\u0163ie \u00ab Predicarea penticostal\u0103 \u00bb am \u00een\u0163eles c\u0103, de\u015fi nu poate fi negat\u0103 o anumit\u0103 apologie adus\u0103 \u00ab penticostalismului \u00bb, accentul c\u0103r\u0163ii nu este pus nicidecum pe o denomina\u0163iune cre\u015ftin\u0103, ci pe un mod de a fi \u015fi de a lucra \u00een C\u00e2mpul Evangheliei, pe secretul predic\u0103rii Cuv\u00e2ntului \u00een\/prin puterea Duhului Sf\u00e2nt, a\u015fa cum au f\u0103cut-o primii cre\u015ftini. Or, aceasta nu este \u015fi nu trebuie s\u0103 fie o preocupare \u015fi un imperativ doar pentru penticostali, ci pentru to\u0163i adev\u0103ra\u0163ii copii ai lui Dumnezeu. Am \u00een\u0163eles, citind cartea, c\u0103 doar \u00eentr-o astfel de accep\u0163iune a penticostalismului, dr. Hughes a putut afirma: \u00ab \u00cen \u00eencheierea predic\u0103rii sale penticostale, c\u00e2nd Petru a fost \u00eentrebat de ascult\u0103tori ce trebuiau s\u0103 fac\u0103, a r\u0103spuns&#8230;. \u00bb (pag.120 ; subl. ns.) A\u015fadar, devenind suficient de lini\u015ftit din punctul de vedere al terminologiei utilizat\u0103 de autor \u015fi gust\u00e2nd fundamentele apostolice ale principiilor prezentate de dr. Ray H. Hughes, mi-am schimbat total prima impresie \u015fi sunt \u00een m\u0103sur\u0103 a recomanda cartea de fa\u0163\u0103, nu doar penticostalilor, ci tuturor lucr\u0103torilor cre\u015ftini. Aceasta pentru c\u0103 \u00ab penticostali \u00bb sau \u00ab un\u015fi cu\/de Duhul sf\u00e2nt \u00bb , \u00een sensul biblic, sunt to\u0163i cre\u015ftinii adev\u0103ra\u0163i, to\u0163i aceia care poart\u0103, \u00een mod justificat, acest nume. S\u0103 ne reamintim c\u0103 Hristos (Christos sau Cristos) \u00eenseamn\u0103 Unsul, iar adev\u0103ra\u0163ii urma\u015fi ai Unsului \u2013 \u00ab cristosienii \u00bb sau \u00ab cristianii \u00bb sunt \u015fi trebuie s\u0103 fie \u015fi ei un\u015fi, indiferent de apartenen\u0163a lor confesional\u0103 nominal\u0103, cu Duhul Sf\u00e2nt. \u00cen consecin\u0163\u0103, cartea \u00ab Predicarea penticostal\u0103 \u00bb este util\u0103 tuturor cre\u015ftinilor preocupa\u0163i de a avea o propov\u0103duire relevant\u0103 \u015fi eficient\u0103, inclusiv celor care au o rezerv\u0103, \u00eendrept\u0103\u0163it\u0103, fa\u0163\u0103 de utilizarea excesiv\u0103 a unor termeni care pot trezi nedumerire, temeri sau suspiciuni. F\u0103c\u00e2nd efortul, uneori nu tocmai de neglijat, de a \u00eenlocui termenii \u00ab \u00een litigiu \u00bb cu termenii corespunz\u0103tori, strict biblici, pricina de poticnire s-a dus; \u015fi cartea poate fi citit\u0103 cu mari beneficii spirituale. Pentru a trezi dorin\u0163a lectur\u0103rii acestei c\u0103r\u0163i de referin\u0163\u0103, prezent\u0103m, \u00een continuare, un scurt fragment motivator : \u00abPredicarea este proclamarea Cuv\u00e2ntului lui Dumnezeu de c\u0103tre oameni, pentru oameni, sub \u00eendrumarea lui Dumnezeu. Este modalitatea inten\u0163ionat\u0103 de Dumnezeu de transmitere a Cuv\u00e2ntului S\u0103u lumii pierdute&#8230; Predicarea este adev\u0103r cu personalitate; ea poate fi cu predilec\u0163ie didactic\u0103 (\u00eenva\u0163\u0103), poate aduce la credin\u0163\u0103 (convinge de p\u0103cat) \u015fi poate motiva (conduce la ascultare \u015fi ac\u0163iune). Predicarea este adev\u0103r \u00een fl\u0103c\u0103ri, este cu totul diferit\u0103 de un discurs secular; prin ea se dezv\u0103luie puterea lui Dumnezeu pentru m\u00e2ntuirea sufletului. Predicarea este esen\u0163ial\u0103, un ingredient absolut necesar bisericii; f\u0103r\u0103 ea, poporul lui Dumnezeu va duce lips\u0103. Acolo unde exist\u0103 predicare adev\u0103rat\u0103, sistematic\u0103 \u015fi expozitiv\u0103, biserica va \u00eenflori. \u00bb S\u0103 cunoa\u015ftem, deci, \u015fi s\u0103 implement\u0103m principiile prezentate \u00een lucrarea PREDICAREA PENTICOSTAL\u0102 DE RAY H. HUGHES \u015fi vom culege \u00eenflorirea, maturizarea \u015fi rodirea \/ rodnicia bisericilor noastre, dar \u015fi a vie\u0163ii noastre personale! DUMNEZEU S\u0102 NE AJUTE ! Lecturare \u015fi \u00eempliniri binecuv\u00e2ntate ! Pastor Iacob Berghianu<\/p>\n","protected":false},"excerpt":{"rendered":"<p>Ray H. Hughes este un reprezentant important al miscarii penticostale mondiale. De mai bine de o jumatate de secol, el slujeste in functii cheie ale miscarii penticostale si propovaduieste Cuvantul lui Dumnezeu cu inflacarare, zel, daruire si o ungere care motiveaza si propulseaza pe orice ascultator. Primul fragment pe care l-am citit din lucrarea \u201cPredicarea [&hellip;]<\/p>\n","protected":false},"featured_media":6188,"comment_status":"open","ping_status":"closed","template":"","meta":[],"product_brand":[],"product_cat":[10,58],"product_tag":[],"class_list":{"0":"post-748","1":"product","2":"type-product","3":"status-publish","4":"has-post-thumbnail","6":"product_cat-editura-metanoia","7":"product_cat-omiletica","9":"first","10":"instock","11":"shipping-taxable","12":"purchasable","13":"product-type-simple"},"_links":{"self":[{"href":"https:\/\/dev.sbro.ro\/index.php?rest_route=\/wp\/v2\/product\/748","targetHints":{"allow":["GET"]}}],"collection":[{"href":"https:\/\/dev.sbro.ro\/index.php?rest_route=\/wp\/v2\/product"}],"about":[{"href":"https:\/\/dev.sbro.ro\/index.php?rest_route=\/wp\/v2\/types\/product"}],"replies":[{"embeddable":true,"href":"https:\/\/dev.sbro.ro\/index.php?rest_route=%2Fwp%2Fv2%2Fcomments&post=748"}],"wp:featuredmedia":[{"embeddable":true,"href":"https:\/\/dev.sbro.ro\/index.php?rest_route=\/wp\/v2\/media\/6188"}],"wp:attachment":[{"href":"https:\/\/dev.sbro.ro\/index.php?rest_route=%2Fwp%2Fv2%2Fmedia&parent=748"}],"wp:term":[{"taxonomy":"product_brand","embeddable":true,"href":"https:\/\/dev.sbro.ro\/index.php?rest_route=%2Fwp%2Fv2%2Fproduct_brand&post=748"},{"taxonomy":"product_cat","embeddable":true,"href":"https:\/\/dev.sbro.ro\/index.php?rest_route=%2Fwp%2Fv2%2Fproduct_cat&post=748"},{"taxonomy":"product_tag","embeddable":true,"href":"https:\/\/dev.sbro.ro\/index.php?rest_route=%2Fwp%2Fv2%2Fproduct_tag&post=748"}],"curies":[{"name":"wp","href":"https:\/\/api.w.org\/{rel}","templated":true}]}}