{"id":844,"date":"2026-04-21T09:03:11","date_gmt":"2026-04-21T09:03:11","guid":{"rendered":"https:\/\/dev.sbro.ro\/?product=cosul-cu-flori"},"modified":"2026-04-21T09:03:11","modified_gmt":"2026-04-21T09:03:11","slug":"cosul-cu-flori","status":"publish","type":"product","link":"https:\/\/dev.sbro.ro\/?product=cosul-cu-flori","title":{"rendered":"Cosul cu flori"},"content":{"rendered":"<p>\u201eCo\u015ful cu flori\u201d este o carte fermec\u0103toare, fascinant\u0103. Este mireasma dulce a unei ere pierdute. Scris\u0103 \u00eentr-un stil didactic, ginga\u015f, care este respins de mul\u0163i autori ai zilelor noastre de realitate crunt\u0103 \u015fi sofistica\u0163ii pretinse, \u201eCo\u015ful cu flori\u201d \u00eel motiveaz\u0103 pe cititor s\u0103 se apropie de Dumnezeu. Adev\u0103ruri biblice bogate despre natura vie\u0163ii cre\u015ftine creeaz\u0103 o arom\u0103 la fel de dulce ca \u015fi florile din gr\u0103dina eroinei. Ve\u0163i citi aceast\u0103 carte copiilor vo\u015ftri iar\u0103\u015fi \u015fi iar\u0103\u015fi. Ei o vor iubi \u015fi ve\u0163i \u00eenv\u0103\u0163a s\u0103 le p\u0103stori\u0163i inimile.\u201d Tedd Tripp \u201dEste povestea unui tat\u0103 bun \u015fi a fiicei lui cinstite \u015fi pure. C\u00e2nd copila este acuzat\u0103 pe nedrept, tat\u0103l ei o \u00eendrum\u0103 s\u0103 priveasc\u0103 spre Dumnezeu, Judec\u0103torul tuturor, care a promis c\u0103 va fi tat\u0103l \u015fi ap\u0103r\u0103torul orfanilor. Pedepsit\u0103 pentru fapta altcuiva, reputa\u0163ia fetei este revendicat\u0103 \u00eentr-un mod uimitor. Ofer aceast\u0103 carte nepo\u0163eilor mei \u015fi o recomand copiilor \u015fi nepo\u0163eilor vo\u015ftri.\u201d Elisabeth Elliot Scris\u0103 \u00een secolul XVIII, este una din perlele colec\u0163iei. P\u0103\u015fi\u0163i \u00een gr\u0103dina lui James \u015fi a fiicei sale iubite, Mary, respira\u0163i aerul dulce \u015fi \u00eenmiresmat al unei ere pierdute, \u015fi ve\u0163i \u00een\u0163elege de ce Elizabeth Elliot \u015fi Dr. Tedd Tripp au recomandat aceast\u0103 carte cu at\u00e2ta entuziasm.<\/p>\n","protected":false},"excerpt":{"rendered":"<p>\u201eCo\u015ful cu flori\u201d este o carte fermec\u0103toare, fascinant\u0103. Este mireasma dulce a unei ere pierdute. Scris\u0103 \u00eentr-un stil didactic, ginga\u015f, care este respins de mul\u0163i autori ai zilelor noastre de realitate crunt\u0103 \u015fi sofistica\u0163ii pretinse, \u201eCo\u015ful cu flori\u201d \u00eel motiveaz\u0103 pe cititor s\u0103 se apropie de Dumnezeu. Adev\u0103ruri biblice bogate despre natura vie\u0163ii cre\u015ftine creeaz\u0103 [&hellip;]<\/p>\n","protected":false},"featured_media":6283,"comment_status":"open","ping_status":"closed","template":"","meta":[],"product_brand":[],"product_cat":[30],"product_tag":[],"class_list":{"0":"post-844","1":"product","2":"type-product","3":"status-publish","4":"has-post-thumbnail","6":"product_cat-beletristica","8":"first","9":"instock","10":"shipping-taxable","11":"purchasable","12":"product-type-simple"},"_links":{"self":[{"href":"https:\/\/dev.sbro.ro\/index.php?rest_route=\/wp\/v2\/product\/844","targetHints":{"allow":["GET"]}}],"collection":[{"href":"https:\/\/dev.sbro.ro\/index.php?rest_route=\/wp\/v2\/product"}],"about":[{"href":"https:\/\/dev.sbro.ro\/index.php?rest_route=\/wp\/v2\/types\/product"}],"replies":[{"embeddable":true,"href":"https:\/\/dev.sbro.ro\/index.php?rest_route=%2Fwp%2Fv2%2Fcomments&post=844"}],"wp:featuredmedia":[{"embeddable":true,"href":"https:\/\/dev.sbro.ro\/index.php?rest_route=\/wp\/v2\/media\/6283"}],"wp:attachment":[{"href":"https:\/\/dev.sbro.ro\/index.php?rest_route=%2Fwp%2Fv2%2Fmedia&parent=844"}],"wp:term":[{"taxonomy":"product_brand","embeddable":true,"href":"https:\/\/dev.sbro.ro\/index.php?rest_route=%2Fwp%2Fv2%2Fproduct_brand&post=844"},{"taxonomy":"product_cat","embeddable":true,"href":"https:\/\/dev.sbro.ro\/index.php?rest_route=%2Fwp%2Fv2%2Fproduct_cat&post=844"},{"taxonomy":"product_tag","embeddable":true,"href":"https:\/\/dev.sbro.ro\/index.php?rest_route=%2Fwp%2Fv2%2Fproduct_tag&post=844"}],"curies":[{"name":"wp","href":"https:\/\/api.w.org\/{rel}","templated":true}]}}