{"id":901,"date":"2026-04-21T09:03:17","date_gmt":"2026-04-21T09:03:17","guid":{"rendered":"https:\/\/dev.sbro.ro\/?product=urme-pe-zapada"},"modified":"2026-04-21T09:03:17","modified_gmt":"2026-04-21T09:03:17","slug":"urme-pe-zapada","status":"publish","type":"product","link":"https:\/\/dev.sbro.ro\/product\/urme-pe-zapada\/","title":{"rendered":"Urme pe zapada"},"content":{"rendered":"<p style=\"text-align: justify;\">\n<p style=\"text-align: justify;\"><span style=\"font-size: small;\">Annette are \u015fapte ani c\u00e2nd \u00eei moare mama. De acum trebuie s\u0103 aib\u0103 grij\u0103 de tat\u0103l \u015fi de fr\u0103\u0163iorul ei \u00eentr-o gospod\u0103rie \u0163\u0103r\u0103neasc\u0103 din Alpii Elve\u0163ieni. \u00centr-o ceart\u0103 cu vecinul Lucien, fratele ei Dani se accidenteaz\u0103 grav. Ura lui Annette este f\u0103r\u0103 margini. Ea nu se d\u0103 \u00eenapoi de la nimic pentru ca s\u0103-l \u201epedepseasc\u0103\u201c pe Lucien &#8211; dar ajunge ea \u00eens\u0103\u015fi nefericit\u0103. \u00centr-o zi, Lucien afl\u0103 c\u0103 ar putea exista o posibilitate de a repara r\u0103ul f\u0103cut. El este gata s\u0103 fac\u0103 ceva neobi\u015fnuit, da, ajunge chiar s\u0103-\u015fi pun\u0103 via\u0163a \u00een joc pentru ca Dani s\u0103 fie iar\u0103\u015fi s\u0103n\u0103tos. Pentru b\u0103ie\u0163i \u015fi fete de la v\u00e2rsta de 8 ani.<\/span><\/p>\n","protected":false},"excerpt":{"rendered":"<p>Annette are \u015fapte ani c\u00e2nd \u00eei moare mama. De acum trebuie s\u0103 aib\u0103 grij\u0103 de tat\u0103l \u015fi de fr\u0103\u0163iorul ei \u00eentr-o gospod\u0103rie \u0163\u0103r\u0103neasc\u0103 din Alpii Elve\u0163ieni. \u00centr-o ceart\u0103 cu vecinul Lucien, fratele ei Dani se accidenteaz\u0103 grav. Ura lui Annette este f\u0103r\u0103 margini. Ea nu se d\u0103 \u00eenapoi de la nimic pentru ca s\u0103-l \u201epedepseasc\u0103\u201c [&hellip;]<\/p>\n","protected":false},"featured_media":6339,"comment_status":"open","ping_status":"closed","template":"","meta":[],"product_brand":[],"product_cat":[35,13],"product_tag":[],"class_list":{"0":"post-901","1":"product","2":"type-product","3":"status-publish","4":"has-post-thumbnail","6":"product_cat-copii","7":"product_cat-familie","9":"first","10":"outofstock","11":"shipping-taxable","12":"purchasable","13":"product-type-simple"},"_links":{"self":[{"href":"https:\/\/dev.sbro.ro\/wp-json\/wp\/v2\/product\/901","targetHints":{"allow":["GET"]}}],"collection":[{"href":"https:\/\/dev.sbro.ro\/wp-json\/wp\/v2\/product"}],"about":[{"href":"https:\/\/dev.sbro.ro\/wp-json\/wp\/v2\/types\/product"}],"replies":[{"embeddable":true,"href":"https:\/\/dev.sbro.ro\/wp-json\/wp\/v2\/comments?post=901"}],"wp:featuredmedia":[{"embeddable":true,"href":"https:\/\/dev.sbro.ro\/wp-json\/wp\/v2\/media\/6339"}],"wp:attachment":[{"href":"https:\/\/dev.sbro.ro\/wp-json\/wp\/v2\/media?parent=901"}],"wp:term":[{"taxonomy":"product_brand","embeddable":true,"href":"https:\/\/dev.sbro.ro\/wp-json\/wp\/v2\/product_brand?post=901"},{"taxonomy":"product_cat","embeddable":true,"href":"https:\/\/dev.sbro.ro\/wp-json\/wp\/v2\/product_cat?post=901"},{"taxonomy":"product_tag","embeddable":true,"href":"https:\/\/dev.sbro.ro\/wp-json\/wp\/v2\/product_tag?post=901"}],"curies":[{"name":"wp","href":"https:\/\/api.w.org\/{rel}","templated":true}]}}