{"id":974,"date":"2026-04-21T09:03:25","date_gmt":"2026-04-21T09:03:25","guid":{"rendered":"https:\/\/dev.sbro.ro\/?product=puterea-ascunsa-a-sufletului"},"modified":"2026-04-21T09:03:25","modified_gmt":"2026-04-21T09:03:25","slug":"puterea-ascunsa-a-sufletului","status":"publish","type":"product","link":"https:\/\/dev.sbro.ro\/product\/puterea-ascunsa-a-sufletului\/","title":{"rendered":"Puterea ascunsa a sufletului"},"content":{"rendered":"<p>CUPRINS<br \/>\nPrefa\u0163a traduc\u0103torului \u00een limba englez\u0103<br \/>\n1. Puterea ascuns\u0103 a sufletului<br \/>\n2. Cre\u015ftinul \u015fi puterea sufletului<br \/>\n3. Puterea duhului \u00eempotriva puterii sufletului<\/p>\n<p>editia a IV-a<\/p>\n","protected":false},"excerpt":{"rendered":"<p>CUPRINS Prefa\u0163a traduc\u0103torului \u00een limba englez\u0103 1. Puterea ascuns\u0103 a sufletului 2. Cre\u015ftinul \u015fi puterea sufletului 3. Puterea duhului \u00eempotriva puterii sufletului editia a IV-a<\/p>\n","protected":false},"featured_media":6411,"comment_status":"open","ping_status":"closed","template":"","meta":[],"product_brand":[],"product_cat":[18],"product_tag":[],"class_list":{"0":"post-974","1":"product","2":"type-product","3":"status-publish","4":"has-post-thumbnail","6":"product_cat-viata-crestina","8":"first","9":"outofstock","10":"shipping-taxable","11":"purchasable","12":"product-type-simple"},"_links":{"self":[{"href":"https:\/\/dev.sbro.ro\/wp-json\/wp\/v2\/product\/974","targetHints":{"allow":["GET"]}}],"collection":[{"href":"https:\/\/dev.sbro.ro\/wp-json\/wp\/v2\/product"}],"about":[{"href":"https:\/\/dev.sbro.ro\/wp-json\/wp\/v2\/types\/product"}],"replies":[{"embeddable":true,"href":"https:\/\/dev.sbro.ro\/wp-json\/wp\/v2\/comments?post=974"}],"wp:featuredmedia":[{"embeddable":true,"href":"https:\/\/dev.sbro.ro\/wp-json\/wp\/v2\/media\/6411"}],"wp:attachment":[{"href":"https:\/\/dev.sbro.ro\/wp-json\/wp\/v2\/media?parent=974"}],"wp:term":[{"taxonomy":"product_brand","embeddable":true,"href":"https:\/\/dev.sbro.ro\/wp-json\/wp\/v2\/product_brand?post=974"},{"taxonomy":"product_cat","embeddable":true,"href":"https:\/\/dev.sbro.ro\/wp-json\/wp\/v2\/product_cat?post=974"},{"taxonomy":"product_tag","embeddable":true,"href":"https:\/\/dev.sbro.ro\/wp-json\/wp\/v2\/product_tag?post=974"}],"curies":[{"name":"wp","href":"https:\/\/api.w.org\/{rel}","templated":true}]}}